{"id":35678,"date":"2025-12-08T12:08:29","date_gmt":"2025-12-08T11:08:29","guid":{"rendered":"http:\/\/www.silverpacker.de\/?page_id=35678"},"modified":"2026-01-13T16:35:56","modified_gmt":"2026-01-13T15:35:56","slug":"vietnam-2025-26","status":"publish","type":"page","link":"http:\/\/www.silverpacker.de\/?page_id=35678","title":{"rendered":"Vietnam 2025\/26"},"content":{"rendered":"<p><strong>Unterwegs in Vietnam 2025\/26<\/strong><\/p>\r\n<!-- \/wp:post-content -->\r\n\r\n<!-- wp:paragraph -->\r\n\t<iframe loading=\"lazy\" src=\"https:\/\/travelmap.net\/itinerary\/www.silverpacker.de-vjrNFk?map-only=1\" width=\"100%\" height=\"500\" class=\"travelmap-iframe\" allow=\"geolocation\" scrolling=\"yes\" frameborder=\"0\" allowfullscreen style=\"box-shadow: 0 2px 2px 0 rgba(0, 0, 0, 0.14), 0 3px 1px -2px rgba(0, 0, 0, 0.2), 0 1px 5px 0 rgba(0, 0, 0, 0.12);\"><\/iframe>\n\r\n<!-- \/wp:paragraph -->\r\n\r\n<!-- wp:shortcode \/-->\r\n<p>&nbsp;<\/p>\r\n<table id=\"travelmap-list\">\r\n<tbody>\r\n<tr>\r\n<th>&nbsp;<\/th>\r\n<th>Destination<\/th>\r\n<th>Arrival<\/th>\r\n<\/tr>\r\n<tr class=\"past\">\r\n<td>1<\/td>\r\n<td>M\u00fcnchen &#8211; Ho Chi Minh City<\/td>\r\n<td>11. Dezember 2025<\/td>\r\n<\/tr>\r\n<tr class=\"past\">\r\n<td>2<\/td>\r\n<td><a href=\"http:\/\/www.silverpacker.de\/?p=35723\"> Ho Chi Minh City: <br>Ankn\u00fcpfen an Bew\u00e4hrtem\u2026<\/a><\/td>\r\n<td>12. Dezember 2025<\/td>\r\n<\/tr>\r\n<tr class=\"past\">\r\n<td>3<\/td>\r\n<td><a href=\"http:\/\/www.silverpacker.de\/?p=35748\"> Ho Chi Minh City: <br>Einfach entspannt<\/a><\/td>\r\n<td>13. Dezember 2025<\/td>\r\n<\/tr>\r\n<tr class=\"past\">\r\n<td>4<\/td>\r\n<td><a href=\"http:\/\/www.silverpacker.de\/?p=35809\"> Ho Chi Minh City &#8211; China Town: <br>Tigeraugen im Visier<\/a><\/td>\r\n<td>14. Dezember 2025<\/td>\r\n<\/tr>\r\n<tr class=\"past\">\r\n<td>5<\/td>\r\n<td><a href=\"http:\/\/www.silverpacker.de\/?p=35841\"> Ho Chi Minh City: <br>Wieder einmal Qual der Wahl<\/a><\/td>\r\n<td>15. Dezember 2025<\/td>\r\n<\/tr>\r\n<tr class=\"past\">\r\n<td>6<\/td>\r\n<td><a href=\"http:\/\/www.silverpacker.de\/?p=35891\"> Ho Chi Minh City: <br>Zeitreise im Museum<\/a><\/td>\r\n<td>16. Dezember 2025<\/td>\r\n<\/tr>\r\n<tr class=\"past\">\r\n<td>7<\/td>\r\n<td><a href=\"http:\/\/www.silverpacker.de\/?p=35921\"> Ho Chi Minh City &#8211; N\u00fai B\u00e0 \u0110en &#8211; Ho Chi Minh City: <br>Mit der Seilbahn zur Madonna<\/a><\/td>\r\n<td>17. Dezember 2025<\/td>\r\n<\/tr>\r\n<tr class=\"past\">\r\n<td>8<\/td>\r\n<td><!-- a href=\"http:\/\/www.silverpacker.de\/?p=xxxx\" --> Ho Chi Minh City &#8211; Hanoi <!-- \/a --><\/td>\r\n<td>18. Dezember 2025<\/td>\r\n<\/tr>\r\n<tr class=\"past\">\r\n<td>9<\/td>\r\n<td><a href=\"http:\/\/www.silverpacker.de\/?p=35972\"> Hanoi: <br>Zimmer mit Aussicht<\/a><\/td>\r\n<td>19. Dezember 2025<\/td>\r\n<\/tr>\r\n<tr class=\"past\">\r\n<td>10<\/td>\r\n<td><a href=\"http:\/\/www.silverpacker.de\/?p=36016\"> Hanoi: <br>Gongs und Glocken<\/a><\/td>\r\n<td>20. Dezember 2025<\/td>\r\n<\/tr>\r\n<tr class=\"past\">\r\n<td>11<\/td>\r\n<td><a href=\"http:\/\/www.silverpacker.de\/?p=36056\"> Hanoi: <br>Spurensuche<\/a><\/td>\r\n<td>21. Dezember 2025<\/td>\r\n<\/tr>\r\n<tr class=\"past\">\r\n<td>12<\/td>\r\n<td><a href=\"http:\/\/www.silverpacker.de\/?p=36110\"> Hanoi: <br>Konfuzius sagt\u2026<\/a><\/td>\r\n<td>22. Dezember 2025<\/td>\r\n<\/tr>\r\n<tr class=\"past\">\r\n<td>13<\/td>\r\n<td><a href=\"http:\/\/www.silverpacker.de\/?p=36215\"> Hanoi: <br>Richtungswechsel<\/a><\/td>\r\n<td>23. Dezember 2025<\/td>\r\n<\/tr>\r\n<tr class=\"past\">\r\n<td>14<\/td>\r\n<td><a href=\"http:\/\/www.silverpacker.de\/?p=36251\"> Hanoi: <br>Frohe Weihnachten<\/a><\/td>\r\n<td>24. Dezember 2025<\/td>\r\n<\/tr>\r\n<tr class=\"past\">\r\n<td>15<\/td>\r\n<td><a href=\"http:\/\/www.silverpacker.de\/?p=36279\"> Hanoi: <br>Warum nicht mit dem Zug?<\/a><\/td>\r\n<td>25. Dezember 2025<\/td>\r\n<\/tr>\r\n<tr class=\"past\">\r\n<td>16<\/td>\r\n<td><a href=\"http:\/\/www.silverpacker.de\/?p=36331\"> Hanoi &#8211; Vinh City: <br>Mit dem Zug durch die Reisfelder<\/a><\/td>\r\n<td>26. Dezember 2025<\/td>\r\n<\/tr>\r\n<tr class=\"past\">\r\n<td>17<\/td>\r\n<td><a href=\"http:\/\/www.silverpacker.de\/?p=36391\"> Vinh City: <br>Gegen alles ist ein Kraut gewachsen<\/a><\/td>\r\n<td>27. Dezember 2025<\/td>\r\n<\/tr>\r\n<tr class=\"past\">\r\n<td>18<\/td>\r\n<td><a href=\"http:\/\/www.silverpacker.de\/?p=36466\"> Vinh City: <br>Motive in Vinh City<\/a><\/td>\r\n<td>28. Dezember 2025<\/td>\r\n<\/tr>\r\n<tr class=\"past\">\r\n<td>19<\/td>\r\n<td><a href=\"http:\/\/www.silverpacker.de\/?p=36582\"> Vinh City &#8211; Kim Lien &#8211; Vinh City: <br>Onkel Ho\u2019s H\u00fcttentour<\/a><\/td>\r\n<td>29. Dezember 2025<\/td>\r\n<\/tr>\r\n<tr class=\"past\">\r\n<td>20<\/td>\r\n<td><a href=\"http:\/\/www.silverpacker.de\/?p=36632\"> Vinh City &#8211; Vinh Linh &#8211; Hue \/ Dong Hoi &#8211; Da Nang \/ Hoi An: <br>Nachtzug nach Hoi An<\/a><\/td>\r\n<td>30. Dezember 2025<\/td>\r\n<\/tr>\r\n<tr class=\"past\">\r\n<td>21<\/td>\r\n<td><a href=\"http:\/\/www.silverpacker.de\/?p=36720\"> Hoi An: <br>Ausklang und Ausblick<\/a><\/td>\r\n<td>31. Dezember 2025<\/td>\r\n<\/tr>\r\n<tr class=\"past\">\r\n<td>22<\/td>\r\n<td><a href=\"http:\/\/www.silverpacker.de\/?p=36786\"> Hoi An: <br>Handgeschnitzt<\/a><\/td>\r\n<td>1. Januar 2026<\/td>\r\n<\/tr>\r\n<tr class=\"past\">\r\n<td>23<\/td>\r\n<td><a href=\"http:\/\/www.silverpacker.de\/?p=36824\"> Hoi An: <br>Die Mischung machts<\/a><\/td>\r\n<td>2. Januar 2026<\/td>\r\n<\/tr>\r\n<tr class=\"past\">\r\n<td>24<\/td>\r\n<td><a href=\"http:\/\/www.silverpacker.de\/?p=36889\"> Hoi An: <br>Tapas und Heavy Metal<\/a><\/td>\r\n<td>3. Januar 2026<\/td>\r\n<\/tr>\r\n<tr class=\"past\">\r\n<td>25<\/td>\r\n<td><a href=\"http:\/\/www.silverpacker.de\/?p=36927\"> Hoi An: <br>Einf\u00fchlungsverm\u00f6gen<\/a><\/td>\r\n<td>4. Januar 2026<\/td>\r\n<\/tr>\r\n<tr class=\"past\">\r\n<td>26<\/td>\r\n<td><a href=\"http:\/\/www.silverpacker.de\/?p=36952\"> Hoi An &#8211; Hanoi &#8211; Phu Quoc: <br>Zwischenstopp mit \u201aEigenem Transfer\u2018<\/a><\/td>\r\n<td>5. Januar 2026<\/td>\r\n<\/tr>\r\n<tr class=\"past\">\r\n<td>27<\/td>\r\n<td><a href=\"http:\/\/www.silverpacker.de\/?p=37097\"> Phu Quoc &#8211; H\u00f2n Th\u01a1m &#8211; Phu Quoc: <br>Die l\u00e4ngste Seilbahn der Welt<\/a><\/td>\r\n<td>6. Januar 2026<\/td>\r\n<\/tr>\r\n<tr class=\"past\">\r\n<td>28<\/td>\r\n<td><a href=\"http:\/\/www.silverpacker.de\/?p=37216\"> Phu Quoc: <br>Tempeltour und die Suche nach den Seesternen<\/a><\/td>\r\n<td>7. Januar 2026<\/td>\r\n<\/tr>\r\n<tr class=\"past\">\r\n<td>29<\/td>\r\n<td><a href=\"http:\/\/www.silverpacker.de\/?p=37264\"> Phu Quoc &#8211; Rach Gia &#8211; Can Tho: <br>Mit dem Express-Boot zur\u00fcck aufs Festland<\/a><\/td>\r\n<td>8. Januar 2026<\/td>\r\n<\/tr>\r\n<tr class=\"past\">\r\n<td>30<\/td>\r\n<td><a href=\"http:\/\/www.silverpacker.de\/?p=37323\"> Can Tho: <br>Waldspaziergang mit Langboot<\/a><\/td>\r\n<td>9. Januar 2026<\/td>\r\n<\/tr>\r\n<tr class=\"past\">\r\n<td>31<\/td>\r\n<td><a href=\"http:\/\/www.silverpacker.de\/?p=37373\"> Can Tho &#8211; My Tho: <br>Der Geruch von Kaffee\u2026<\/a><\/td>\r\n<td>10. Januar 2026<\/td>\r\n<\/tr>\r\n<tr class=\"past\">\r\n<td>32<\/td>\r\n<td><a href=\"http:\/\/www.silverpacker.de\/?p=37410\"> My Tho: <br>Von der Unverf\u00fcgbarkeit\u2026<\/a><\/td>\r\n<td>11. Januar 2026<\/td>\r\n<\/tr>\r\n<tr class=\"past\">\r\n<td>33<\/td>\r\n<td><a href=\"http:\/\/www.silverpacker.de\/?p=37442\"> My Tho &#8211; Ho Chi Minh City:<br>Das Quartier \u00fcber dem verr\u00fcckten Eismacher\u2026<\/a><\/td>\r\n<td>12. Januar 2026<\/td>\r\n<\/tr>\r\n<tr class=\"past\">\r\n<td>34<\/td>\r\n<td><a href=\"http:\/\/www.silverpacker.de\/?p=37476\"> Ho Chi Minh City:<br>Im letzten Winkel einer Gasse<\/a><\/td>\r\n<td>13. Januar 2026<\/td>\r\n<\/tr>\r\n<tr class=\"past\">\r\n<td>35<\/td>\r\n<td><!-- a href=\"http:\/\/www.silverpacker.de\/?p=xxxx\" --> Ho Chi Minh City &#8211; M\u00fcnchen<!-- \/a --><\/td>\r\n<td>14. Januar 2026<\/td>\r\n<\/tr>\r\n<\/tbody>\r\n<\/table>\r\n<p><code><\/code><\/p>\r\n<!-- \/wp:paragraph -->","protected":false},"excerpt":{"rendered":"<p>Unterwegs in Vietnam 2025\/26 &nbsp; &nbsp; Destination Arrival 1 M\u00fcnchen &#8211; Ho Chi Minh City 11. Dezember 2025 2 Ho Chi Minh City: Ankn\u00fcpfen an Bew\u00e4hrtem\u2026 12. Dezember 2025 3 Ho Chi Minh City: Einfach entspannt 13. Dezember 2025 4 &hellip; <a href=\"http:\/\/www.silverpacker.de\/?page_id=35678\">Weiterlesen <span class=\"meta-nav\">&rarr;<\/span><\/a><\/p>\n","protected":false},"author":1,"featured_media":35724,"parent":37,"menu_order":82,"comment_status":"closed","ping_status":"closed","template":"","meta":{"ngg_post_thumbnail":0,"jetpack_post_was_ever_published":false,"footnotes":""},"class_list":["post-35678","page","type-page","status-publish","has-post-thumbnail","hentry"],"jetpack_sharing_enabled":true,"jetpack_shortlink":"https:\/\/wp.me\/P1fteS-9hs","jetpack_likes_enabled":true,"_links":{"self":[{"href":"http:\/\/www.silverpacker.de\/index.php?rest_route=\/wp\/v2\/pages\/35678","targetHints":{"allow":["GET"]}}],"collection":[{"href":"http:\/\/www.silverpacker.de\/index.php?rest_route=\/wp\/v2\/pages"}],"about":[{"href":"http:\/\/www.silverpacker.de\/index.php?rest_route=\/wp\/v2\/types\/page"}],"author":[{"embeddable":true,"href":"http:\/\/www.silverpacker.de\/index.php?rest_route=\/wp\/v2\/users\/1"}],"replies":[{"embeddable":true,"href":"http:\/\/www.silverpacker.de\/index.php?rest_route=%2Fwp%2Fv2%2Fcomments&post=35678"}],"version-history":[{"count":46,"href":"http:\/\/www.silverpacker.de\/index.php?rest_route=\/wp\/v2\/pages\/35678\/revisions"}],"predecessor-version":[{"id":37486,"href":"http:\/\/www.silverpacker.de\/index.php?rest_route=\/wp\/v2\/pages\/35678\/revisions\/37486"}],"up":[{"embeddable":true,"href":"http:\/\/www.silverpacker.de\/index.php?rest_route=\/wp\/v2\/pages\/37"}],"wp:featuredmedia":[{"embeddable":true,"href":"http:\/\/www.silverpacker.de\/index.php?rest_route=\/wp\/v2\/media\/35724"}],"wp:attachment":[{"href":"http:\/\/www.silverpacker.de\/index.php?rest_route=%2Fwp%2Fv2%2Fmedia&parent=35678"}],"curies":[{"name":"wp","href":"https:\/\/api.w.org\/{rel}","templated":true}]}}